-1 + 5). Calculate the remainder when 88 is divided by 28 + q/(-2)*1*-4.
28
Calculate the remainder when 418 is divided by (170/(-255))/(1/(-45)).
28
Let c = 9 + 39. Let o = 80 - c. Calculate the remainder when o is divided by 18.
14
Suppose k = 3*x + 5, 2*k = -3*k + x + 95. Let d(c) = 3*c + 2. Let f be d(2). Calculate the remainder when 17 is divided by (-144)/(-15) + f/k.
7
Suppose j - 5*j = 3*n + 68, -5*n = -j - 40. Let x = j + 40. What is the remainder when 79 is divided by x?
19
What is the remainder when 302 is divided by 33/(-2)*8/30*-10?
38
Let z(f) = -23*f - 134. Calculate the remainder when 295 is divided by z(-7).
25
Let t be (-7 - -1)/1*-1. Let l = -2 + t. Let f(r) = -r**2 + 6*r - 2. What is the remainder when 16 is divided by f(l)?
4
Suppose 35*j - 2*q + 109 = 40*j, 0 = -3*j + 2*q + 75. Calculate the remainder when 41 is divided by j.
18
Let t(o) = -10*o + 105. Calculate the remainder when t(5) is divided by 8.
7
Let b = 122 + 62. Suppose -3*u - 49 = -b. What is the remainder when u is divided by 24?
21
Suppose 0 = -5*y - 4*t - 276 + 67, 3*t = 5*y + 202. Let h = y + 56. Calculate the remainder when 56 is divided by h.
11
Let a(t) be the third derivative of -t**6/120 - 7*t**5/60 + t**4/3 + 2*t**3 - 6*t**2. Calculate the remainder when (-223)/(-5) - (-6)/15 is divided by a(-8).
9
Suppose 3*o - 15 = 171. Let i = -283 - -304. Calculate the remainder when o is divided by i.
20
Suppose -8 = -k + 4*a, 2*a = -4*k + 8*k - 88. Suppose 3*j = 11*j - k. Calculate the remainder when 3 is divided by j.
0
Suppose -5*p - 52 = -9*p. Let z = p + -11. Suppose 0 = -5*n, 0*d - n - 46 = -z*d. Calculate the remainder when d is divided by 6.
5
Suppose i = 4*b + 5*i - 28, -b + 31 = -5*i. Let g = 8 - b. Calculate the remainder when 26 is divided by g*((-21)/(-9))/(-1).
5
Suppose 2*w = -3*r - 4, -9 = -0*w + w + 5*r. Let c(f) = 3*f**2 + f - 1. Let i be c(w). Suppose -i*z + 6 = -18. Calculate the remainder when 14 is divided by z.
6
Suppose 1 + 3 = -4*g, 0 = -6*f + 4*g + 220. Calculate the remainder when 102 is divided by f.
30
Suppose 5*s = -4*k + 105, -13*k - 105 = -5*s - 18*k. What is the remainder when 374 is divided by s?
17
Let v(p) = p**2 - 16*p + 35. Let k be v(13). Calculate the remainder when (72/(-48))/(6/k) is divided by 1.
0
Let q(y) = -93*y - 83. Suppose -2 - 4 = w. What is the remainder when q(-2) is divided by w/3 + (29 - 1)?
25
Let h = 0 - -3. Let s = -4 + h. Let u = s - -23. What is the remainder when u is divided by 12?
10
Suppose 3*g - 2*r - 173 = -3*r, r - 289 = -5*g. Calculate the remainder when 111 is divided by g.
53
Suppose 0*i - 4*k - 18 = -i, 6 = -3*k. Suppose 0 = 3*r - 2*h - 113, -12*r - 2*h - 35 = -13*r. Calculate the remainder when r is divided by i.
9
Let v be ((-28)/(-6))/((0 - 6)/18). Suppose 2*f - 162 = -f. Let s = v + f. What is the remainder when s is divided by 14?
12
Calculate the remainder when 377 is divided by 10/(-2) + -4 + 29.
17
Suppose -5*b + 5*y = -50, -4*y + 20 = -b + 2*b. Suppose -4*z = b, 0*u + 5*z + 108 = -3*u. Let o = -15 - u. What is the remainder when 30 is divided by o?
14
Suppose -5*o = -48 + 13. Let d(b) = -2*b + 86. Let w be d(6). Let p = w - 47. Calculate the remainder when p is divided by o.
6
Let i(s) = s**3 - 4*s**2 + 5*s + 1. Let u = -25 + 77. Suppose 2*w + u = 6*w. What is the remainder when i(5) is divided by w?
12
Let o(c) = -c + 18. Let m be o(17). Let x = 8 + m. What is the remainder when x is divided by 8?
1
Suppose -5*i + 20 = -0*i. Suppose -d + i = -8. What is the remainder when 45 is divided by d?
9
Suppose 7*b + 84 = 14*b. What is the remainder when 46 is divided by b?
10
Let p be (4/4)/(2/(-32)). Let s = 2 - p. Calculate the remainder when s is divided by (15 - 6) + -2 + -2.
3
Let m = 130 - 94. What is the remainder when 130 is divided by m?
22
Let l(h) = -2*h**2 - 3*h + 61. Let r(i) = i**2 + i - 20. Let c(u) = 3*l(u) + 8*r(u). Calculate the remainder when c(0) is divided by 13.
10
Let o = -45 - -76. Let m be (-2)/(-4) - 418/4. Let n = 17 - m. What is the remainder when n is divided by o?
28
Let g be -4*(44/(-8) + 3). Calculate the remainder when 29 is divided by (g + 0)/(-5) - -13.
7
Calculate the remainder when 41 is divided by 56/10 - 38/(-95).
5
Let k(u) = -21*u + 2. Let j be k(-2). Suppose 4*f - j = -8. Suppose -3*q - 1 = 2*r - 4*q, f = 2*r + q. What is the remainder when 5 is divided by r?
1
Calculate the remainder when 739044/2187 - (-4)/54 is divided by 57.
53
Suppose -5*n + 187 = -d + 49, 0 = -5*n + 4*d + 132. Calculate the remainder when n is divided by 15.
13
Suppose -5*m - 4*a = -0*a - 186, 2*m - 48 = 5*a. What is the remainder when m is divided by 81/(-6)*4/(-3)?
16
What is the remainder when 176 is divided by ((-118)/(-8))/1 + 69/276?
11
Let z(b) = -b**2 + 17*b - 54. Calculate the remainder when 1101 is divided by z(10).
13
Suppose 5*j - 2*h - 109 = 513, -2*j + 3*h + 240 = 0. Suppose 4*y + j = 5*i + 837, 3*y + 2*i = 562. What is the remainder when y is divided by 37?
36
Let m be (-2 - (-6)/3)/(-3). Suppose m = -8*z + 23 + 1. Let i(b) = b + 8. Calculate the remainder when z is divided by i(-6).
1
Suppose -130 = -47*c + 34*c. Calculate the remainder when 149 is divided by c.
9
Let q(w) = -w**2 - 3*w - 2. Let j be q(-5). Let n = j - -10. What is the remainder when n/((1 + -3)/14) is divided by 9?
5
Suppose -6 = -p + 2*k, 9*p - 4*p + 5*k - 60 = 0. What is the remainder when p is divided by 2/(-13) - (-558)/78?
3
Let b(y) = -y**3 + 19*y**2 - 42*y + 6. Calculate the remainder when 350 is divided by b(16).
44
Let b(h) = h**3 - 2*h**2 + 4*h - 6. What is the remainder when 311 is divided by b(3)?
11
Suppose -3*h = -4*c - 473, 2*h + 9 - 351 = -4*c. What is the remainder when h is divided by 24?
19
Suppose -5*f = 2*p - 4*p - 52, -40 = -2*f - 4*p. Suppose 0 = 4*y - 8*y + f. Suppose -y = -0*m - m. What is the remainder when 8 is divided by m?
2
Let r = 125 + -119. Suppose 4*i - 18 = 222. Suppose -2*x = -4*t + i, 0*t - 4*t + 66 = -5*x. Calculate the remainder when t is divided by r.
2
Suppose 0 = -3*l - 0*l + 2*o - 4, -5*o + 31 = 3*l. Suppose 0 = l*c - 10 - 2. Suppose -7*t + c*t = -25. What is the remainder when t is divided by 13?
12
Suppose 0 = 9*m + 48 - 1776. What is the remainder when m is divided by 65?
62
Let q(j) = -j**2 + 10*j + 20. Let m(z) = z + 13. What is the remainder when q(7) is divided by m(-10)?
2
Let f be 3/(3 + (-14)/5). What is the remainder when (-1)/(-2) - 75/(-6) is divided by (148/10)/2 - 6/f?
6
Let d = 25 + 15. Let a(m) = m**2 + 3*m - 31. What is the remainder when d is divided by a(5)?
4
Let d = -73 - -85. What is the remainder when d/(-21)*28/(-1) is divided by 7?
2
Let y be (1/3)/((-5)/(-1035)). Suppose -12*d = -y - 3567. What is the remainder when d is divided by 61?
59
Suppose -4*z - 2*o + 428 = 0, 117 = 4*z - 2*o - 327. Suppose 2*v - 51 = 2*a - a, 5*v - 4*a - 120 = 0. Calculate the remainder when z is divided by v.
25
Let o(x) = -x**2 + 8*x - 7. Let v be o(5). Suppose v*q = 5*q + 9. Suppose -3*w + q*d - 7 = -37, -5*d = -4*w + 43. What is the remainder when 19 is divided by w?
5
Suppose 0 = 41*m - 1043 - 2442. Calculate the remainder when 405 is divided by m.
65
Suppose 13 = 3*y + 4. Suppose y*p - 110 + 2 = 0. What is the remainder when p is divided by 20?
16
Let t = 2 - -14. Suppose -2*i + i = -2. Suppose -4*y - 22 = -j, -j - i = -2*j - y. Calculate the remainder when t is divided by j.
4
Suppose -y = 3*s - 19, -20 - 10 = -5*s - 2*y. Calculate the remainder when 37 is divided by s.
5
Suppose -w - 2 = -4*k, 4 = 4*w - 4*k - 0. Suppose w*u - 8*u + 12 = 0. Calculate the remainder when 110 is divided by 880/32 + u/4.
26
Let r be (-183)/(5/(-2) - -1). What is the remainder when r*4/32*4 is divided by (2/16 - (-28)/32)*16?
13
Let g(j) = 2*j - 9. Let d be 60/4 - 6/2. What is the remainder when g(d) is divided by 10?
5
Let l = -535 - -557. Calculate the remainder when l is divided by 7.
1
Suppose -2*k = -19 - 11. Suppose -9*o - 135 = -4*o. Let d = o + 35. Calculate the remainder when k is divided by d.
7
Let h(p) = -p**3 + 20*p**2 - 22*p + 173. Let v(t) = 6*t + 1. What is the remainder when h(19) is divided by v(2)?
12
Let s(r) = -r**2 - 7*r + 50. Calculate the remainder when 87 is divided by s(-11).
3
Suppose -t + 36 = 2*f - 23, 3*t = 3*f - 102. Calculate the 